{"id":498,"date":"2025-12-03T10:50:27","date_gmt":"2025-12-03T10:50:27","guid":{"rendered":"https:\/\/conceptplvplus.com\/?post_type=product&#038;p=498"},"modified":"2025-12-03T10:55:08","modified_gmt":"2025-12-03T10:55:08","slug":"tinda-maison","status":"publish","type":"product","link":"https:\/\/conceptplvplus.com\/?product=tinda-maison","title":{"rendered":"Tinda Maison"},"content":{"rendered":"<div class=\"images-inline\">\n  <img decoding=\"async\" src=\"http:\/\/conceptplvplus.com\/wp-content\/uploads\/2025\/12\/202938513_3987034104737736_3711904990744674830_n.jpg\" alt=\"\" \/><br \/>\n  <img decoding=\"async\" src=\"http:\/\/conceptplvplus.com\/wp-content\/uploads\/2025\/12\/204612942_3987034261404387_9207918014350516975_n.jpg\" alt=\"\" \/><br \/>\n  <img decoding=\"async\" src=\"http:\/\/conceptplvplus.com\/wp-content\/uploads\/2025\/12\/202898945_3987034144737732_2873047005487503823_n.jpg\" alt=\"\" \/>\n<\/div>\n<style>\n.images-inline {\n  display: flex;\n  gap: 10px;           \/* espace entre les images *\/\n  overflow-x: auto;     \/* scroll horizontal si trop large *\/\n  padding: 5px 0;\n  white-space: nowrap;  \/* emp\u00eache le retour \u00e0 la ligne *\/\n}<\/p>\n<p>.images-inline img {\n  flex-shrink: 0;       \/* emp\u00eache l'image de r\u00e9tr\u00e9cir *\/\n  width: 200px;         \/* largeur fixe *\/\n  height: auto;         \/* hauteur proportionnelle *\/\n  border-radius: 5px;\n}\n<\/style>\n","protected":false},"excerpt":{"rendered":"","protected":false},"featured_media":499,"comment_status":"open","ping_status":"closed","template":"","meta":[],"product_brand":[],"product_cat":[23],"product_tag":[],"class_list":{"0":"post-498","1":"product","2":"type-product","3":"status-publish","4":"has-post-thumbnail","6":"product_cat-projets","8":"first","9":"instock","10":"shipping-taxable","11":"product-type-simple"},"_links":{"self":[{"href":"https:\/\/conceptplvplus.com\/index.php?rest_route=\/wp\/v2\/product\/498","targetHints":{"allow":["GET"]}}],"collection":[{"href":"https:\/\/conceptplvplus.com\/index.php?rest_route=\/wp\/v2\/product"}],"about":[{"href":"https:\/\/conceptplvplus.com\/index.php?rest_route=\/wp\/v2\/types\/product"}],"replies":[{"embeddable":true,"href":"https:\/\/conceptplvplus.com\/index.php?rest_route=%2Fwp%2Fv2%2Fcomments&post=498"}],"wp:featuredmedia":[{"embeddable":true,"href":"https:\/\/conceptplvplus.com\/index.php?rest_route=\/wp\/v2\/media\/499"}],"wp:attachment":[{"href":"https:\/\/conceptplvplus.com\/index.php?rest_route=%2Fwp%2Fv2%2Fmedia&parent=498"}],"wp:term":[{"taxonomy":"product_brand","embeddable":true,"href":"https:\/\/conceptplvplus.com\/index.php?rest_route=%2Fwp%2Fv2%2Fproduct_brand&post=498"},{"taxonomy":"product_cat","embeddable":true,"href":"https:\/\/conceptplvplus.com\/index.php?rest_route=%2Fwp%2Fv2%2Fproduct_cat&post=498"},{"taxonomy":"product_tag","embeddable":true,"href":"https:\/\/conceptplvplus.com\/index.php?rest_route=%2Fwp%2Fv2%2Fproduct_tag&post=498"}],"curies":[{"name":"wp","href":"https:\/\/api.w.org\/{rel}","templated":true}]}}