{"id":350,"date":"2025-12-03T08:25:05","date_gmt":"2025-12-03T08:25:05","guid":{"rendered":"https:\/\/conceptplvplus.com\/?post_type=product&#038;p=350"},"modified":"2026-03-18T06:00:59","modified_gmt":"2026-03-18T06:00:59","slug":"un-projet-alliant-securite-design-et-durabilite","status":"publish","type":"product","link":"https:\/\/conceptplvplus.com\/?product=un-projet-alliant-securite-design-et-durabilite","title":{"rendered":"Un projet alliant s\u00e9curit\u00e9, design et durabilit\u00e9"},"content":{"rendered":"<p>Un projet alliant s\u00e9curit\u00e9, design et durabilit\u00e9 \ud83c\udfd7\ufe0f<br \/>\n<span style=\"color: #ff00ff;\">\u2714\ufe0f<\/span> Structure 100% m\u00e9tallique con\u00e7ue pour r\u00e9sister au temps<br \/>\n\u2714\ufe0f Finition soign\u00e9e avec peinture thermolaqu\u00e9e \u00e9poxy<br \/>\n\u2714\ufe0f Fabrication locale, sur mesure selon les besoins du client<\/p>\n<div class=\"images-inline\">\n  <img decoding=\"async\" src=\"http:\/\/conceptplvplus.com\/wp-content\/uploads\/2025\/12\/579941950_1403368145131847_5495610919837580367_n-225x300.jpg\" alt=\"\"><br \/>\n  <img decoding=\"async\" src=\"http:\/\/conceptplvplus.com\/wp-content\/uploads\/2025\/12\/580578779_1403368178465177_7266265698903787304_n-225x300.jpg\" alt=\"\"><br \/>\n  <img decoding=\"async\" src=\"http:\/\/conceptplvplus.com\/wp-content\/uploads\/2025\/12\/580615297_1403368311798497_1436189575093709257_n-225x300.jpg\" alt=\"\"><br \/>\n  <img decoding=\"async\" src=\"http:\/\/conceptplvplus.com\/wp-content\/uploads\/2025\/12\/580908773_1403368135131848_2440849942185944837_n-225x300.jpg\" alt=\"\"><br \/>\n  <img decoding=\"async\" src=\"http:\/\/conceptplvplus.com\/wp-content\/uploads\/2025\/12\/581096777_1403368171798511_3937393781792316238_n-225x300.jpg\" alt=\"\"><br \/>\n  <img decoding=\"async\" src=\"http:\/\/conceptplvplus.com\/wp-content\/uploads\/2025\/12\/581146654_1403368101798518_8838540474527631491_n-225x300.jpg\" alt=\"\"><br \/>\n  <img decoding=\"async\" src=\"http:\/\/conceptplvplus.com\/wp-content\/uploads\/2025\/12\/581160432_1403368231798505_8356581312282578780_n-286x300.jpg\" alt=\"\"><br \/>\n  <img decoding=\"async\" src=\"http:\/\/conceptplvplus.com\/wp-content\/uploads\/2025\/12\/581217829_1403368108465184_8325715242454583501_n-225x300.jpg\" alt=\"\">\n<\/div>\n<style>\n.images-inline {\n  display: flex;\n  gap: 10px;        \/* espace entre les images *\/\n  overflow-x: auto;  \/* permet de scroller si trop large *\/\n  padding: 5px 0;\n}<\/p>\n<p>.images-inline img {\n  width: 100px;     \/* taille petite *\/\n  height: 100px;\n  object-fit: cover;\n  border-radius: 5px;\n  flex-shrink: 0;   \/* emp\u00eache de r\u00e9tr\u00e9cir *\/\n}\n<\/style>\n","protected":false},"excerpt":{"rendered":"<p>Un projet alliant s\u00e9curit\u00e9, design et durabilit\u00e9 \ud83c\udfd7\ufe0f \u2714\ufe0f Structure 100% m\u00e9tallique con\u00e7ue pour r\u00e9sister au temps \u2714\ufe0f Finition soign\u00e9e avec peinture thermolaqu\u00e9e \u00e9poxy \u2714\ufe0f Fabrication locale, sur mesure selon&hellip;<\/p>\n","protected":false},"featured_media":354,"comment_status":"open","ping_status":"closed","template":"","meta":[],"product_brand":[],"product_cat":[23],"product_tag":[],"class_list":{"0":"post-350","1":"product","2":"type-product","3":"status-publish","4":"has-post-thumbnail","6":"product_cat-projets","8":"first","9":"instock","10":"shipping-taxable","11":"product-type-simple"},"_links":{"self":[{"href":"https:\/\/conceptplvplus.com\/index.php?rest_route=\/wp\/v2\/product\/350","targetHints":{"allow":["GET"]}}],"collection":[{"href":"https:\/\/conceptplvplus.com\/index.php?rest_route=\/wp\/v2\/product"}],"about":[{"href":"https:\/\/conceptplvplus.com\/index.php?rest_route=\/wp\/v2\/types\/product"}],"replies":[{"embeddable":true,"href":"https:\/\/conceptplvplus.com\/index.php?rest_route=%2Fwp%2Fv2%2Fcomments&post=350"}],"wp:featuredmedia":[{"embeddable":true,"href":"https:\/\/conceptplvplus.com\/index.php?rest_route=\/wp\/v2\/media\/354"}],"wp:attachment":[{"href":"https:\/\/conceptplvplus.com\/index.php?rest_route=%2Fwp%2Fv2%2Fmedia&parent=350"}],"wp:term":[{"taxonomy":"product_brand","embeddable":true,"href":"https:\/\/conceptplvplus.com\/index.php?rest_route=%2Fwp%2Fv2%2Fproduct_brand&post=350"},{"taxonomy":"product_cat","embeddable":true,"href":"https:\/\/conceptplvplus.com\/index.php?rest_route=%2Fwp%2Fv2%2Fproduct_cat&post=350"},{"taxonomy":"product_tag","embeddable":true,"href":"https:\/\/conceptplvplus.com\/index.php?rest_route=%2Fwp%2Fv2%2Fproduct_tag&post=350"}],"curies":[{"name":"wp","href":"https:\/\/api.w.org\/{rel}","templated":true}]}}